{"id":50,"date":"2022-01-25T12:54:32","date_gmt":"2022-01-25T12:54:32","guid":{"rendered":"https:\/\/www.basda.de\/?page_id=50"},"modified":"2022-10-06T21:35:54","modified_gmt":"2022-10-06T21:35:54","slug":"zielstellung","status":"publish","type":"page","link":"https:\/\/www.basda.de\/index.php\/zielstellung\/","title":{"rendered":"Zielstellung"},"content":{"rendered":"\n<p>In Kooperation mit dem BIBA &#8211; Bremer Institut f\u00fcr Produktion und Logistik GmbH arbeitet die Berufsbildungswerk Bremen GmbH an der \u00dcbertragung des Industrie 4.0-Gedankens in Arbeit und Ausbildung. Zielsetzung dieser Kooperation ist die fortlaufende Ausrichtung des Betriebs an den aktuellen und zuk\u00fcnftigen Herausforderungen. Mit dem digitalen Wandel dringen neue Technologien in die Arbeitswelt vor, die eine Verschiebung des erforderlichen Kompetenzprofils bedeuten.<\/p>\n\n\n\n<p>Der Umgang mit digitalen Medien wird oft durch K\u00f6rper-, Psychische-, Lern-, und\/oder Sinnesbehinderungen erschwert, obwohl diese potenziell die Teilhabe f\u00f6rdern k\u00f6nnten. Durch die Entwicklung und Integration innovativer und barrierefreier Werkzeuge k\u00f6nnen die Vorteile des digitalen Wandels genutzt werden, sodass die Absolventen des Berufsbildungswerks nicht nur mit den Anforderungen des Arbeitsmarktes Schritt halten, sondern mit einem Wissensvorsprung in ihre berufliche Zukunft starten.<\/p>\n\n\n\n<p>Das Ziel des Forschungsprojektes ist Menschen mit Lern, K\u00f6rper- und\/oder psychischen Beeintr\u00e4chtigungen bei der selbstst\u00e4ndigen Durchf\u00fchrung von Arbeitsaufgaben durch ein Assistenzsystem mit einem mobilen Endger\u00e4t zu unterst\u00fctzen. Komplexere Arbeitsaufgaben werden dazu in kleinere Arbeitsschritte zerlegt, zu denen die relevanten Informationen barrierefrei sowie zeit- und ortsungebunden abgerufen werden k\u00f6nnen.<\/p>\n\n\n\n<p>Au\u00dferdem sollen Unternehmen bef\u00e4higt werden eigene Arbeitsaufgaben und Medieninhalte in das System einzubinden , sodass auch nach Projektende weitere Beitr\u00e4ge bedarfsgesteuert integriert werden k\u00f6nnen und eine breite Verwertung der Projektergebnisse gew\u00e4hrleistet werden kann. <\/p>\n\n\n\n<p><\/p>\n","protected":false},"excerpt":{"rendered":"<p>In Kooperation mit dem BIBA &#8211; Bremer Institut f\u00fcr Produktion und Logistik GmbH arbeitet die Berufsbildungswerk Bremen GmbH an der \u00dcbertragung des Industrie 4.0-Gedankens in Arbeit und Ausbildung. Zielsetzung dieser Kooperation ist die fortlaufende Ausrichtung des Betriebs an den aktuellen und zuk\u00fcnftigen Herausforderungen. Mit dem digitalen Wandel dringen neue Technologien in die Arbeitswelt vor, die [&hellip;]<\/p>\n","protected":false},"author":2,"featured_media":0,"parent":0,"menu_order":0,"comment_status":"closed","ping_status":"closed","template":"","meta":{"footnotes":""},"class_list":["post-50","page","type-page","status-publish","hentry"],"_links":{"self":[{"href":"https:\/\/www.basda.de\/index.php\/wp-json\/wp\/v2\/pages\/50","targetHints":{"allow":["GET"]}}],"collection":[{"href":"https:\/\/www.basda.de\/index.php\/wp-json\/wp\/v2\/pages"}],"about":[{"href":"https:\/\/www.basda.de\/index.php\/wp-json\/wp\/v2\/types\/page"}],"author":[{"embeddable":true,"href":"https:\/\/www.basda.de\/index.php\/wp-json\/wp\/v2\/users\/2"}],"replies":[{"embeddable":true,"href":"https:\/\/www.basda.de\/index.php\/wp-json\/wp\/v2\/comments?post=50"}],"version-history":[{"count":4,"href":"https:\/\/www.basda.de\/index.php\/wp-json\/wp\/v2\/pages\/50\/revisions"}],"predecessor-version":[{"id":93,"href":"https:\/\/www.basda.de\/index.php\/wp-json\/wp\/v2\/pages\/50\/revisions\/93"}],"wp:attachment":[{"href":"https:\/\/www.basda.de\/index.php\/wp-json\/wp\/v2\/media?parent=50"}],"curies":[{"name":"wp","href":"https:\/\/api.w.org\/{rel}","templated":true}]}}