{"id":51,"date":"2022-01-25T12:54:32","date_gmt":"2022-01-25T12:54:32","guid":{"rendered":"https:\/\/www.basda.de\/?page_id=51"},"modified":"2022-10-06T21:35:54","modified_gmt":"2022-10-06T21:35:54","slug":"vorgehen","status":"publish","type":"page","link":"https:\/\/www.basda.de\/index.php\/vorgehen\/","title":{"rendered":"Vorgehen"},"content":{"rendered":"\n<p>Mit dem Assistenzsystems soll im Rahmen von &#8220;BASDA&#8221; ein Instrument geschaffen werden, das eine barrierefreie, flexible und individuelle Unterst\u00fctzung im Arbeitsprozess bei der Erledigung von Arbeitsaufgaben bieten kann. Ziel ist es, Menschen mit Lern-, K\u00f6rper-, und beziehungsweise oder psychischen Beeintr\u00e4chtigungen die selbstst\u00e4ndige Durchf\u00fchrung von Arbeitsaufgaben mithilfe eines mobilen Endger\u00e4tes zu erm\u00f6glichen. Dazu wird eine plattform\u00fcbergreifende Anwendung auf Grundlage von Android entwickelt, die Informationen zu einzelnen Arbeitsschritten multimedial und barrierefrei anbietet.<\/p>\n\n\n\n<figure class=\"wp-block-image size-full\"><img loading=\"lazy\" decoding=\"async\" width=\"938\" height=\"1098\" src=\"https:\/\/www.basda.de\/wp-content\/uploads\/2022\/08\/Assistenzsystem.jpg\" alt=\"\" class=\"wp-image-110\"\/><figcaption>Arbeitsversion des Assistenzsystems (Quelle: BIBA\/Bremer Berufsbildungswerk)<\/figcaption><\/figure>\n\n\n\n<p>Bei der Gestaltung der Endger\u00e4te wird ein breiter Ansatz verfolgt. Das Assistenzsystem wird auf Basis von Android gestaltet, um mit Tablets, Smartphones und Datenbrillen nutzbar zu sein. Au\u00dferdem wird der Einsatz von alternativen Endger\u00e4ten (z. B. Augmented Reality Brillen) untersucht.<\/p>\n\n\n\n<p>Das zu entwickelnde Assistenzsystem soll vielf\u00e4ltige Konfigurationsm\u00f6glichkeiten bieten, um den individuellen Anforderungen der Nutzerinnen und Nutzer gerecht zu werden. Zur F\u00f6rderung der Barrierefreiheit werden daher Einstellungen f\u00fcr leichte Sprache, Sprachwiedergabe, visualisierte Piktogramme, Animationen, verschiedene Farbpaletten f\u00fcr Farbschw\u00e4chen sowie Technologien integriert, die das r\u00e4umliche Vorstellen erleichtern.<\/p>\n","protected":false},"excerpt":{"rendered":"<p>Mit dem Assistenzsystems soll im Rahmen von &#8220;BASDA&#8221; ein Instrument geschaffen werden, das eine barrierefreie, flexible und individuelle Unterst\u00fctzung im Arbeitsprozess bei der Erledigung von Arbeitsaufgaben bieten kann. Ziel ist es, Menschen mit Lern-, K\u00f6rper-, und beziehungsweise oder psychischen Beeintr\u00e4chtigungen die selbstst\u00e4ndige Durchf\u00fchrung von Arbeitsaufgaben mithilfe eines mobilen Endger\u00e4tes zu erm\u00f6glichen. Dazu wird eine plattform\u00fcbergreifende [&hellip;]<\/p>\n","protected":false},"author":2,"featured_media":0,"parent":0,"menu_order":0,"comment_status":"closed","ping_status":"closed","template":"","meta":{"footnotes":""},"class_list":["post-51","page","type-page","status-publish","hentry"],"_links":{"self":[{"href":"https:\/\/www.basda.de\/index.php\/wp-json\/wp\/v2\/pages\/51","targetHints":{"allow":["GET"]}}],"collection":[{"href":"https:\/\/www.basda.de\/index.php\/wp-json\/wp\/v2\/pages"}],"about":[{"href":"https:\/\/www.basda.de\/index.php\/wp-json\/wp\/v2\/types\/page"}],"author":[{"embeddable":true,"href":"https:\/\/www.basda.de\/index.php\/wp-json\/wp\/v2\/users\/2"}],"replies":[{"embeddable":true,"href":"https:\/\/www.basda.de\/index.php\/wp-json\/wp\/v2\/comments?post=51"}],"version-history":[{"count":6,"href":"https:\/\/www.basda.de\/index.php\/wp-json\/wp\/v2\/pages\/51\/revisions"}],"predecessor-version":[{"id":112,"href":"https:\/\/www.basda.de\/index.php\/wp-json\/wp\/v2\/pages\/51\/revisions\/112"}],"wp:attachment":[{"href":"https:\/\/www.basda.de\/index.php\/wp-json\/wp\/v2\/media?parent=51"}],"curies":[{"name":"wp","href":"https:\/\/api.w.org\/{rel}","templated":true}]}}